me?
True
Is 893965057 prime?
True
Is 1868435329 a prime number?
True
Is 15028611911 a composite number?
True
Is 2746473187 composite?
True
Is 468061987 a prime number?
False
Is 27473084209 a composite number?
True
Is 76095038369 composite?
True
Is 408860623 prime?
True
Is 110934724421 a prime number?
True
Is 19390532033 a composite number?
False
Is 545892551 a composite number?
True
Is 18205117927 prime?
False
Is 72207801781 a composite number?
False
Is 86692288535 a composite number?
True
Is 6763007627 a prime number?
True
Is 11488356767 a composite number?
False
Is 726314530781 a prime number?
False
Is 6672797837 prime?
True
Is 83456751473 composite?
False
Is 1406472269 a composite number?
False
Is 16008092017 prime?
False
Is 7708335469 composite?
False
Is 15590935387 a prime number?
False
Is 36833723461 prime?
False
Is 207136793 a composite number?
False
Is 18751678031 prime?
False
Is 34058365259 a prime number?
True
Is 772853387 prime?
True
Is 2330443666 composite?
True
Is 760927529 prime?
False
Is 7230541811 a composite number?
False
Is 893294411 a composite number?
False
Is 2382913901 composite?
False
Is 11664536699 a composite number?
False
Is 363485119 a prime number?
True
Is 15927672934 prime?
False
Is 16356901079 a prime number?
False
Is 1451500363 composite?
True
Is 6775849555 prime?
False
Is 538396951 a prime number?
True
Is 4491963197 composite?
True
Is 35339740109 a composite number?
False
Is 5094858731 a composite number?
True
Is 44340224951 a composite number?
True
Is 30053197 a composite number?
True
Is 56217114571 a composite number?
False
Is 4590995473 prime?
False
Is 4808949251 prime?
True
Is 735493763 a composite number?
True
Is 1095770747 composite?
False
Is 93098353 a composite number?
False
Is 4091812553 a composite number?
False
Is 1243540979 a prime number?
False
Is 81441469 a prime number?
True
Is 1510666939 prime?
True
Is 14256502471 a composite number?
False
Is 11850517711 prime?
True
Is 2880457241 composite?
False
Is 19550805733 prime?
True
Is 44651263 composite?
True
Is 1424636401 a composite number?
True
Is 2871104287 a prime number?
False
Is 1097798291 composite?
True
Is 2501017619 a composite number?
False
Is 56038060327 a prime number?
False
Is 31428515777 a prime number?
True
Is 163355855819 a prime number?
False
Is 15766040573 a composite number?
True
Is 1033642321 composite?
True
Is 8135675389 a prime number?
True
Is 67117231 prime?
True
Is 45109463801 prime?
True
Is 5469154289 a prime number?
False
Is 97841180123 a prime number?
True
Is 73278379727 composite?
True
Is 510246377 composite?
True
Is 8589939 prime?
False
Is 3663494683 composite?
True
Is 529664081 a composite number?
True
Is 699035759 a composite number?
False
Is 58928567567 a composite number?
False
Is 4944775457 a prime number?
True
Is 1099049701 a prime number?
True
Is 175971109 a prime number?
True
Is 278708387 a composite number?
True
Is 1091995103 composite?
False
Is 186311207009 a composite number?
False
Is 5708191217 a composite number?
True
Is 9663214909 composite?
False
Is 6546409699 a composite number?
False
Is 11387081963 a prime number?
False
Is 110110031 a composite number?
True
Is 28413446669 a composite number?
True
Is 6289052699 a prime number?
True
Is 1233506567 a prime number?
False
Is 157958664055 a composite number?
True
Is 31042953091 prime?
True
Is 366552203 composite?
False
Is 709714969 a composite number?
False
Is 1785081057 composite?
True
Is 2204478581 composite?
False
Is 1993462039 prime?
True
Is 125811229 a prime number?
True
Is 3869351 a composite number?
False
Is 18420245737 prime?
False
Is 1492314913 prime?
False
Is 304202501 a composite number?
False
Is 8972582111 composite?
False
Is 1300236901 composite?
False
Is 9653703803 composite?
True
Is 1873443881 a prime number?
True
Is 8919486887 prime?
False
Is 15621069403 composite?
False
Is 21188542831 a composite number?
True
Is 5457255389 a composite number?
True
Is 2257937179 composite?
False
Is 11299491013 prime?
False
Is 1733878271 prime?
True
Is 432539197 a composite number?
False
Is 34818835969 prime?
True
Is 307673159 prime?
True
Is 1691420407 composite?
False
Is 5385616682 composite?
True
Is 807258731 composite?
False
Is 163280726509 a prime number?
True
Is 18038193557 composite?
False
Is 3500371361 a composite number?
False
Is 306951373 a composite number?
False
Is 603862339 a prime number?
True
Is 865822703 prime?
True
Is 247800000119 prime?
False
Is 167746877887 prime?
False
Is 52292477 prime?
True
Is 446890778 a prime number?
False
Is 5515861049 composite?
True
Is 2452712971 a prime number?
True
Is 175164532693 a prime number?
False
Is 718567691 prime?
False
Is 28259879437 a composite number?
False
Is 39771681791 a composite number?
True
Is 1504131337 a prime number?
True
Is 8362292297 a composite number?
False
Is 1674009619 prime?
False
Is 51932008498 a prime number?
False
Is 251999794 a composite number?
True
Is 11017722719 a prime number?
True
Is 23040937303 prime?
False
Is 6474800743 composite?
False
Is 157705829 a prime number?
True
Is 20365148779 a composite number?
True
Is 5902610099 a composite number?
False
Is 35014680895 a composite number?
True
Is 59854063799 composite?
False
Is 507561287 composite?
False
Is 61418111057 composite?
False
Is 269678483 a prime number?
True
Is 53452783 a composite number?
True
Is 83150000042 composite?
True
Is 4610685539 a prime number?
True
Is 2140423553 prime?
False
Is 498587291 a composite number?
True
Is 17359711913 a prime number?
True
Is 3148671833 a prime number?
False
Is 1281595963 prime?
True
Is 100258401179 a prime number?
True
Is 1072739399 prime?
True
Is 1279561427 composite?
False
Is 2312208349 composite?
True
Is 6464456239 a composite number?
True
Is 121057709099 composite?
False
Is 31914233287 a prime number?
False
Is 13205403217 a prime number?
True
Is 13779801593 a composite number?
False
Is 12338696563 composite?
False
Is 649058959 a prime number?
False
Is 10570029551 a composite number?
True
Is 6694323331 a composite number?
False
Is 6655226377 prime?
False
Is 1434992491 a composite number?
True
Is 156882870835 a prime number?
False
Is 755509523 a composite number?
True
Is 41313019 a composite number?
True
Is 1142728679 prime?
True
Is 252480251 composite?
False
Is 2478539137 composite?
False
Is 650517607 a composite number?
False
Is 466055011 a prime number?
True
Is 1902742349 a composite number?
True
Is 2104634227 a prime number?
True
Is 2712552889 a prime number?
True
Is 51957716983 composite?
False
Is 21575287882 a composite number?
True
Is 22500780091 a composite number?
False
Is 28459927493 composite?
True
Is 853781027 a prime number?
False
Is 7253400449 prime?
True
Is 6993755837 prime?
False
Is 13510182001 a composite number?
True
Is 2344951393 a composite number?
False
Is 14262122683 a prime number?
True
Is 648939939 a composite number?
True
Is 27106219667 prime?
True
Is 16790979019 composite?
False
Is 12426207931 prime?
True
Is 16408578083 composite?
True
Is 8643193439 prime?
False
Is 3609484873 composite?
True
Is 2155828033 a composite number?
False
Is 75112447 a composite number?
False
Is 1149865019 a composite number?
True
Is 406075213 composite?
True
Is 56354087477 a composite number?
False
Is 252355043 prime?
False
Is 128266401 prime?
False
Is 21777470189 composite?
False
Is 2962256669 a prime number?
True
Is 3628661678 prime?
False
Is 1087042841 a composite number?
False
Is 4143374771 prime?
False
Is 37669979 a prime number?
True
Is 17844598151 a composite number?
True
Is 1138298617 composite?
True
Is 4157536891 prime?
True
Is 19796580941 composite?
True
Is 4941142841 a composite number?
False
Is 3303706027 prime?
True
Is 337556213 a composite number?
True
Is 1633129427 a composite number?
False
Is 647037481 composite?
False
Is 4466859587 a prime number?
False
Is 2161409959 prime?
False
Is 339080303 a composite number?
False
Is 3399003941 a composite number?
False
Is 545554661 a composite number?
True
Is 10741739353 a composite number?
True
Is 23825377219 prime?
False
Is 3182390567 a composite number?
False
Is 14727541067 prime?
False
Is 54391436597 a prime number?
True
Is 460136539 a composite number?
False
Is 437258103 a prime number?
False
Is 2411112893 composite?
True
Is 3